5*s = 211 + 4. Calculate the remainder when s is divided by 9.
7
Let z(m) = m**2 + 4*m - 1. Let u be 5/(-5)*(8 - -2). Let c be (24/15)/(2/u). What is the remainder when z(c) is divided by 11?
9
Suppose -4*t = -r + 3*r - 40, -5*t - 2*r + 50 = 0. Let q(y) = -y - 5. Let k be q(-9). What is the remainder when (k/6)/(6/171) is divided by t?
9
Suppose 672 = -0*y + 4*y. Suppose y = 5*l - l. Let f = -2 + 17. Calculate the remainder when l is divided by f.
12
Suppose 8*q - 472 = -16. Let z = 50 + -30. Calculate the remainder when q is divided by z.
17
Suppose 3*r = -r - 5*v + 11, 4*r = 5*v - 19. Calculate the remainder when ((-7)/14)/(r/42) is divided by 1 - (-10)/1*1.
10
Suppose 3*c - 13 = -4*a + 49, -4*c = -8. Calculate the remainder when a is divided by 3.
2
Let m(u) = -u**2 + 9*u - 10. Let z(h) = 2*h**2 - 4*h + 1. Suppose -5*c + 2*c = -9. Let s be z(c). Calculate the remainder when 10 is divided by m(s).
2
Let o = -13 + 26. Let k = 18 - -19. What is the remainder when k is divided by o?
11
Suppose -2*v + 2*w - 3 = -9, -2*w = 2*v - 10. Suppose v*o + 4 = 5*r, 11 - 3 = 2*r. Suppose 0 = 2*u - 8 - 4. Calculate the remainder when u is divided by o.
2
Let o(v) = -10*v - 6 - v**2 - 2 + 4 - 3. Let b be o(-7). Suppose b = y - 5. Calculate the remainder when y is divided by 7.
5
Let r = -4 - 12. Calculate the remainder when 66 is divided by (r - 1)*(-3 + 2).
15
Suppose -5*h - 60 = -5*x, 5*h = 2*h - 12. What is the remainder when x is divided by (-3)/((-4)/(-4 - -8))?
2
Suppose 0 = 2*q - i - 76 - 22, 0 = 3*i - 6. Calculate the remainder when q is divided by 13.
11
Let o(a) = a**3 + 12*a**2 + 10*a + 15. What is the remainder when o(-10) is divided by 29?
28
Let g = 13 + 4. Let w(m) = m**3 - 5*m**2. Let t be w(5). Suppose t*l + 12 = 2*l. Calculate the remainder when g is divided by l.
5
What is the remainder when 34 is divided by (-92)/(-3) + (4/(-6) - 0)?
4
Let q = 196 - 171. What is the remainder when 143 is divided by q?
18
Let x = 47 + 52. Calculate the remainder when x is divided by 34.
31
Let y = 8 + 4. Let g = 57 + -11. What is the remainder when g is divided by y?
10
Suppose 3*v = -i - 7, 3*v + 1 = -4*i - 0*v. Suppose -5*n + 3*f + 20 = 8*f, -5*f + 8 = 3*n. Calculate the remainder when n is divided by i.
0
Let a = 1 - 0. Let x(d) = -d**3 - 11*d**2 - 2*d + 8. Calculate the remainder when x(-11) is divided by a - 1 - (-16 + 5).
8
Suppose -5*a + 102 = -313. What is the remainder when a is divided by 43?
40
Let t = 12 - 10. Let f(s) = s**3 + 6*s**2 + 5*s - 2. Let i be f(-5). What is the remainder when t is divided by (-2 + i)/2*-1?
0
Let o(n) = -n**2 + 15*n - 3. Let t(p) = 2*p**3 - p**2 + p - 1. What is the remainder when o(6) is divided by t(2)?
12
Let d(v) = 3*v + 5. Let w be d(6). Suppose 0 = 5*k + 3 - w. Suppose -g - 120 = -6*g + 4*z, 105 = k*g - 5*z. What is the remainder when g is divided by 11?
9
Let l(r) be the second derivative of r**5/20 + r**4/6 - r**3/6 - r**2/2 - 3*r. Let b(f) = f**2 - 2*f + 2. Calculate the remainder when b(-5) is divided by l(2).
11
Suppose -n - 48 = -5*n. Suppose -2*f + 0 = -n. Suppose -f = -3*k + k. What is the remainder when 6 is divided by k?
0
Suppose 3*h - 47 = 6*n - 2*n, -3*h = -5*n - 43. Let w = 573 + -532. Calculate the remainder when w is divided by h.
20
Let q = 28 + -20. What is the remainder when 21 is divided by q?
5
Let h(l) be the second derivative of -l**5/20 + l**3 - 3*l**2 + l. Let g be h(-5). Let c = g + -54. Calculate the remainder when c is divided by 12.
11
Let v(q) = 23*q**2 - q. Calculate the remainder when v(1) is divided by 12.
10
Suppose 8*w - 7*w = 41. What is the remainder when w is divided by 23?
18
Let p(a) = -a**3 - 10*a**2 - 2*a - 14. What is the remainder when (-1)/(-3)*(0 + 33) is divided by p(-10)?
5
Suppose -7*g - 3*g + 170 = 0. Calculate the remainder when g is divided by 12.
5
Let f(s) = -20*s - 1. Let u be f(1). What is the remainder when u/4*8/(-3) is divided by 5?
4
Suppose 13*n - 18*n = -400. What is the remainder when n is divided by 27?
26
Let k be 6/(-12) - (-10)/4. Suppose -2*w = k*w - 136. What is the remainder when w is divided by 12?
10
Let a = 26 - 12. What is the remainder when 37 is divided by a?
9
Let n(r) = -2*r**2 - 3*r**2 - r**2 - 4*r - r**3 - 2 + 3*r**2. Calculate the remainder when 37 is divided by n(-3).
7
Suppose -j - 8 = -3*j. Suppose -4*b + 15 = 5*k - 21, 4 = -4*b + 5*k. Suppose -4*c + 13 = n - b, -5*n = 3*c - 34. What is the remainder when n is divided by j?
1
Let q(g) = -g + 7. Let n be q(5). Suppose 0*m - 5*m + 4*r + 2 = 0, -3*r + 6 = 0. Calculate the remainder when 9 + m*(-1)/n is divided by 5.
3
Let n be 87/18 - 2/(-12). Let c be 2 + 101 - -1 - 0. Suppose -n*m + c = -m. What is the remainder when m is divided by 9?
8
Let p(y) = 8*y + 3. Let j be p(-6). What is the remainder when (-734)/(-18) - 10/j is divided by 14?
13
Suppose 3*t + c - 3*c - 4 = 0, 3*t = 4*c + 8. Let d(x) = x**3 - 6*x**2 + 5*x + 0*x**2 + 5 + t*x. Calculate the remainder when d(5) is divided by 2.
1
Let f(s) = 2*s**2 - 5*s + 3. Let d(n) = 2*n**2 - 4*n - 2. Let x(p) = 3*p. Let b be x(-1). Calculate the remainder when d(b) is divided by f(4).
13
Let k(i) be the second derivative of -i**4/12 - 13*i**3/6 + 11*i**2/2 + 3*i. Calculate the remainder when 67 is divided by k(-12).
21
Suppose -2*m = -v - 4 + 9, -3*v + 15 = 5*m. Let b = -20 - -31. Let o = b - -2. What is the remainder when o is divided by v?
3
Let n(x) = -3*x - 2. Suppose -3*j - 4 - 2 = 0. Let q be n(j). Suppose q*g + 33 = 125. What is the remainder when g is divided by 12?
11
Let r(n) = 26*n - 32. What is the remainder when 79 is divided by r(2)?
19
Suppose 25*h = 27*h - 14. Calculate the remainder when 8 is divided by h.
1
Suppose -5*a + 25 + 0 = 0. Suppose -2*b = 2*y - 14, -a*b - y = -2*y - 29. What is the remainder when 9 is divided by b?
3
Suppose -488 = -j - 7*j. Calculate the remainder when j is divided by 8.
5
Suppose q = -q. Suppose 5*u - 180 + 0 = q. What is the remainder when u is divided by 13?
10
Suppose 26*w = 33*w - 455. Calculate the remainder when w is divided by (1 - (2 - 3))*11.
21
Let h = 55 + -30. What is the remainder when 73 is divided by h?
23
Let s = 11 - 5. Calculate the remainder when 42 is divided by s/4*(-44)/(-6).
9
Let a be (-1)/(2*(-2)/(-108)). Let h = a - -46. What is the remainder when h is divided by 10?
9
Calculate the remainder when 14 is divided by (8/(-12))/(4/(-30)).
4
Let u = 84 + -25. What is the remainder when u is divided by 30?
29
Let i be (1/(-3))/(3/(-36)). Suppose -6*c + 8 = -i*c. Let p = 7 - 0. What is the remainder when p is divided by c?
3
Let c(d) = 2*d**2 - 10*d + 7. Let y(o) = o**2 - 3*o + 5. What is the remainder when c(7) is divided by y(4)?
8
Let b = 30 - 19. What is the remainder when 3 - (-11)/(33/120) is divided by b?
10
Let q = 13 + 16. Let m = 737 - 653. Calculate the remainder when m is divided by q.
26
Let u = 67 - 64. What is the remainder when 65 is divided by u?
2
Let r = 0 + 1. Let y = r + 9. What is the remainder when 19 is divided by y?
9
Let h = 14 + -5. What is the remainder when 35 is divided by h?
8
Suppose 19 = 3*c - 2*c. Let w = -12 + c. What is the remainder when 20 is divided by w?
6
Suppose 0*j = -j + 3*x + 1, 3*j - x = 11. Calculate the remainder when j is divided by 4*2*3/8.
1
What is the remainder when ((-9)/(-6))/(4/72) is divided by 15?
12
Let d = -214 - -492. Calculate the remainder when d is divided by 28.
26
Suppose 0 = 2*d + 26. Calculate the remainder when 49 is divided by -1 + -2 + d + 42.
23
Let d(o) = 14*o**2 - o. Let g = -7 - -6. Calculate the remainder when 42 is divided by d(g).
12
Suppose -2*x - 2*x = -28. What is the remainder when x is divided by 2?
1
Suppose 0*i - 4*i + 112 = 0. What is the remainder when 138 is divided by i?
26
Let r be (-1)/((-3)/30*2). Let i = -3 + r. What is the remainder when 4 is divided by i?
0
Let o = 52 + -30. Suppose 0 = t + n - 4, 2*t - t = -3*n + 12. What is the remainder when o is divided by (-1)/(-1) + 11 + t?
10
Suppose 131 = -5*f + c, f - 5*c = -4*f - 115. Let w = 40 + f. What is the remainder when 37 is divided by w?
11
Let v(z) = z**3 - 15*z**2 + 2*z - 17. Let n = 9 + 42. Calculate the remainder when n is divided by v(15).
12
What is the remainder when 32 + 1 + (19 - 14) is divided by 14?
10
Suppose -